hat are the prime factors of w?
5
Let i(f) = -66*f - 40. List the prime factors of i(-5).
2, 5, 29
Let w(z) = -1. Let c(d) = 8*d - 2. Let g(v) = -c(v) + 5*w(v). List the prime factors of g(-2).
13
Suppose 0 = 3*t + 6, t - 4*t = -p + 36. What are the prime factors of p?
2, 3, 5
Let q(o) = 2*o - 6. Let d be 14/(-2 + 4 + 0). Let m(v) = v - 1. Let f be m(d). List the prime factors of q(f).
2, 3
Let r be (-18)/(-1 - 2/4). Suppose 2*a - r = -a. What are the prime factors of a?
2
Suppose h - 5*y - 3 = 36, -169 = -5*h - y. Suppose -4*j = -h - 14. List the prime factors of j.
2, 3
What are the prime factors of (51/4)/((-15)/(-100))?
5, 17
Let w(b) = b**2 - 6*b + 2. Let a(g) = -3*g**2 + 17*g - 6. Let k(m) = -2*a(m) - 7*w(m). List the prime factors of k(6).
2, 5
Suppose -4*y + 42 + 554 = 0. List the prime factors of y.
149
Suppose -14 = -4*u + 2*u. Suppose -4*r = -u*r + 9. Suppose r*x = -x + 12. What are the prime factors of x?
3
Let l be (-1)/(-4) + 114/24. Suppose l*j + 2 = 12. Suppose 5*i + j*k = 21, 0 = -5*i + k - 5*k + 17. List the prime factors of i.
5
Suppose s = -5*t + 5, -3*s + s + 4*t = 4. Let r be (-4)/14 - (-92)/28. Suppose -r*i - 2*z + 14 = -4*z, s = -4*z - 4. What are the prime factors of i?
2
Let i(d) = d - 7. Let q be i(10). Suppose 2*n + q*n - 220 = 0. List the prime factors of n.
2, 11
Let n = -18 + 13. Let l = 9 + n. What are the prime factors of l?
2
Let f(t) = -t**3 - 3*t**2 - t - 1. Let v be f(-3). Suppose 5*g = 5*q + 35, -q = -v*g - 2*g + 31. What are the prime factors of g?
2
Suppose -s + 5*q + 36 + 21 = 0, -5*s + 193 = -2*q. What are the prime factors of s?
37
Let q(c) be the third derivative of -c**4/24 + 2*c**3/3 + 3*c**2. Let m(f) = -f - 11. Let o be m(-6). List the prime factors of q(o).
3
Let a = -9 + 10. List the prime factors of a + 0 + 3 + -1.
3
Let n = 26 + -14. What are the prime factors of n?
2, 3
Suppose 5*h - 10 = 4*f, 4*h + 3*f = 8 - 0. Suppose -h*t + 4*p = -30, 3*t + 3*p + 0*p - 54 = 0. List the prime factors of t.
17
Suppose -4*g = 37 - 157. Suppose -g - 6 = -r. Suppose d - 4*j - 12 = -0*j, -3*d + r = -2*j. What are the prime factors of d?
2, 3
List the prime factors of ((-370)/3)/1*(-12)/8.
5, 37
Let s(y) = -11*y - 7. List the prime factors of s(-9).
2, 23
Suppose -4 - 2 = -2*u. Suppose -x = -4*n + u*x + 48, 2*n + 4 = -5*x. List the prime factors of n.
2
Suppose m = -3*t + 10, 4*t = -4*m + 9 + 15. Suppose -t*r - a - 84 = -5*r, -9 = 3*a. List the prime factors of r.
3
Suppose -2*c - o = c + 37, -3*c + o = 47. Let g = -7 - c. What are the prime factors of g?
7
Let t = 1 - -2. Let r(i) = -2*i**3 + 13*i**2 + 5*i + 9. Let k(a) = -a**3 + 7*a**2 + 3*a + 5. Let q(z) = t*r(z) - 5*k(z). What are the prime factors of q(4)?
2
Let o = -11 - -10. Let p = o + 15. List the prime factors of p.
2, 7
Suppose 4*o - 57 = 27. List the prime factors of o.
3, 7
Suppose z - 2*i = i + 17, i + 4 = 0. Suppose 25 = -z*q, f + 11 = 2*q + 30. Suppose -3*p - 4*t = 2*p - 40, 4*p = 5*t - f. What are the prime factors of p?
2
Let l be 1/(-1 - 10/(-8)). Let d = 3 - l. List the prime factors of 16/(-2)*(0 + d).
2
Suppose 5*o = 4*q + 174, -3*o = -4*q - 135 + 37. What are the prime factors of o?
2, 19
Suppose -2*w - 4*g + 110 = 10, 233 = 4*w - 3*g. List the prime factors of w.
2, 7
Let d(n) = -n**3 - 6*n**2 - 6*n + 8. Let u be -8*(2 - (-10)/(-8)). Let p be d(u). Suppose -7*i + p = -3*i. What are the prime factors of i?
11
Let r(z) = 31*z - 3. List the prime factors of r(2).
59
Suppose 132 = 4*c + p, c = -4*c + 2*p + 152. What are the prime factors of c?
2
Let q be (-1)/(2*1/(-6)). Suppose -19 - 35 = -q*z. What are the prime factors of z?
2, 3
Suppose 0*i = i + 2*a - 25, -4*i - 5*a + 103 = 0. List the prime factors of i.
3
Let z(p) = p**3 + 4*p**2 + 2*p + 4. Suppose -8*u - 5 = -3*u + 5*c, 2*u = c + 7. Suppose 0 = -u*k - k - 9. What are the prime factors of z(k)?
7
Let w be 5/1 - (-4)/(-2). Suppose f - 5*t = -w, 9 + 47 = 4*f - 3*t. Suppose -p + 2*p = f. What are the prime factors of p?
17
Suppose 10 = -5*y, 5*y + 4 = -z - 3. Let d = 52 + -50. Suppose z*n - 45 = -d*n. List the prime factors of n.
3
Let t(s) = s**3 - 7*s**2 - 7*s. Let k be t(8). Let c be (-6)/(-4)*k/6. Suppose 5*b - c = 38. What are the prime factors of b?
2
Suppose 0 = -2*i - 4*k - 4, 13 = -3*i - 2*k - 1. List the prime factors of (-164)/i + (-8)/(-12).
2, 7
Let i(c) = -c**3 - 5*c**2 + 6*c - 4. Let u be i(-6). What are the prime factors of 18*-1*u/12?
2, 3
Suppose -5*i = -w - 334 - 37, 71 = i - w. List the prime factors of i.
3, 5
Suppose -5*v - 4*f = -41, -18 = -4*f - 2. Suppose 4*w - 1 = -v. What are the prime factors of w*((2 - 11) + -2)?
11
Suppose -76 = -2*x - 0*x. Suppose h + x = -4*n - h, -5*h = -4*n - 3. Let t = -5 - n. List the prime factors of t.
2
Let z = -14 + 29. What are the prime factors of z?
3, 5
Let k(z) = 3*z + 6. Let n(m) = 8*m + 18. Let u(o) = 17*k(o) - 6*n(o). What are the prime factors of u(9)?
3, 7
Let b be -2 + 3*19 + 2. Let z be (-2)/(-10) - b/(-15). Suppose 4*h - z*p = -0*h + 36, -16 = 4*p. What are the prime factors of h?
5
Let s = 4 - 8. Let b be (3/s - -2)*-4. List the prime factors of 1/(-3)*(b - 1).
2
Suppose 0 = 2*d + 2*d - 16. Suppose f = d*f - 42. List the prime factors of (f/(-5))/((-6)/30).
2, 7
Let y(i) = 4*i**3 - 6*i**2 - 3*i + 5. Let h be y(7). List the prime factors of h/42 - 2/7.
5
Let q = 55 - 31. Let b(m) = m**3 + 4*m**2 + 3*m - 4. Let o be b(-4). Let c = o + q. What are the prime factors of c?
2
Suppose 0 = -2*v - 5*h + 38, h - 12 = -2*h. Suppose 2*k = 4*p + k - 15, -p = 4*k + v. What are the prime factors of p?
3
Let z(h) = 34*h - 11. What are the prime factors of z(2)?
3, 19
Let q(w) = w**3 - 5*w**2 + w - 1. Let x be q(5). Suppose -5*d + 3*d = x*f - 46, -4*f = -3*d - 71. What are the prime factors of f?
2, 7
Let t(c) = c**2 - 6*c + 4. Let f be t(4). Let l be (-2)/f*10 + -2. Suppose l + 9 = 2*d. List the prime factors of d.
2, 3
Let z(l) = 5*l**2 + 3. Let y(w) = 9*w**2 + w + 5. Let t(x) = -6*y(x) + 11*z(x). What are the prime factors of t(7)?
2, 5
Let t(q) = -4*q**3 - 4*q**2 - q. Let n(s) = s**3 - s. Let p(d) = 2*n(d) + t(d). List the prime factors of p(-3).
3
Let s = 52 + -118. Let x be (-342)/s + (-4)/22. What are the prime factors of (16/10)/(1/x)?
2
Suppose 5*g - 69 - 226 = 0. List the prime factors of g.
59
Let u = 120 + -75. What are the prime factors of u?
3, 5
Let t be (-17615)/(-25) + (-2)/(-5). List the prime factors of 2/11 - t/(-55).
13
What are the prime factors of 142 - (0 + 0)*2/(-4)?
2, 71
Let h = 1 + -13. Let i(u) = -u - 12. Let j be i(h). Suppose -n + 11 - 4 = j. List the prime factors of n.
7
Let q(x) = -x**3 - 6*x**2 + 9*x - 4. Let d be q(-7). Let w = 60 + d. Suppose -6*l - 2*p + w = -2*l, 2*l = -4*p + 12. List the prime factors of l.
2, 3
Let t(s) = -s**3 - 4*s**2 - 4*s + 6. Let u be (1/3)/((-5)/60). List the prime factors of t(u).
2, 11
Let w(k) = k**2 + 10*k - 5. What are the prime factors of w(-12)?
19
Let x(y) = y**2 + 4*y + 3. Let t be x(-6). Let u be ((-2)/3)/((-6)/27). Suppose 9 = u*l - t. List the prime factors of l.
2
Suppose 19 + 36 = -5*h. Let d = h + -1. What are the prime factors of (1 + -2)*d + -1?
11
Suppose -2*w = 3*w - 215. Let l(g) = -g**2 + g + 5. Let i be l(0). Suppose -w = -i*o + 17. List the prime factors of o.
2, 3
Let u = 91 - 45. What are the prime factors of u?
2, 23
What are the prime factors of 42*(1/2)/1?
3, 7
List the prime factors of 1/((-2)/3) + (-5675)/(-50).
2, 7
Let v(a) = 16*a**3 + 2*a**2 - 1. Let w be v(1). Suppose 18 = 5*m - w. List the prime factors of m.
7
Suppose 2*g - 4*m = m - 16, -3*g - m + 10 = 0. Let b be -3 - (-7 + 1 - g). Suppose -b*y + 5 + 5 = 0. What are the prime factors of y?
2
Suppose 1 = 3*n - 2. What are the prime factors of 20/2 + n + 0?
11
Let v be -2*((-6)/4 - 1). Let z = 10 + -5. Suppose -4*p + 63 = v*c, -4*c = z*p - 3*p - 36. What are the prime factors of p?
2, 3
Suppose 0 = -2*u - 2*y + 4, 5*u = 4*y - 0 + 46. Let k(c) = c**2 - 6*c + 2. List the prime factors of k(u).
2
Suppose -4*d - 6 = 6. Let g(s) = -9*s**2 + s + 3. Let c be g(d). List the prime factors of (-1)/2 - c/6.
13
Suppose 3*i - 3 = 4*i. What are the prime factors of i/2*246/(-9)?
41
Let t(b) be the first derivative of 6*b**2 + 4*b - 2. Let c(w) = 24*w + 7. Let z(q) = 3*c(q) - 5*t(q). List the prim